se 13, what is 152 + 1324c?
133a1
In base 5, what is 12034244043 + -143?
12034243400
In base 6, what is -13 + -110122302?
-110122315
In base 2, what is -1110100011100 - 110110100?
-1111011010000
In base 9, what is 1212 - 17800?
-16577
In base 10, what is 1697 - -52885?
54582
In base 9, what is -50651273 + 1?
-50651272
In base 4, what is 10 + 11021311300?
11021311310
In base 8, what is 10660347 + -47?
10660300
In base 15, what is -c4 - -75a18?
75944
In base 2, what is 10101111111 + 100000011011?
110110011010
In base 14, what is -183d6820 + -6?
-183d6826
In base 14, what is -3 - 5d36d3?
-5d36d6
In base 7, what is 2 - 1523401264?
-1523401262
In base 7, what is 563 - -536251?
540144
In base 15, what is -3 - -e1b612?
e1b60e
In base 3, what is 111100222211 + -2122202?
111021100002
In base 13, what is -5 + -1c5594?
-1c5599
In base 8, what is -5 - 21755714?
-21755721
In base 16, what is -44d418 - -2c?
-44d3ec
In base 10, what is 906012521 + 5?
906012526
In base 13, what is -a2 + 43cc93?
43cbc1
In base 7, what is -2322 + 4425?
2103
In base 11, what is 2232453 - 63?
22323a0
In base 8, what is 11472 - -10611?
22303
In base 10, what is 2 - 87473030?
-87473028
In base 4, what is 10330 + -100333020?
-100322030
In base 11, what is 5 - 107a8800?
-107a87a6
In base 16, what is 9bfdb7 + -2?
9bfdb5
In base 9, what is -21 + 1821546?
1821525
In base 8, what is 3 + 3564447?
3564452
In base 9, what is -5 - -10644055?
10644050
In base 7, what is 21565426 + -6?
21565420
In base 14, what is 11c308 - 141?
11c1a7
In base 4, what is 303011312 - -2100?
303020012
In base 8, what is -133 + -340430?
-340563
In base 16, what is -bede + 3e1?
-bafd
In base 7, what is 423 - -220064?
220520
In base 2, what is 1000100001011000001011 + 101010000?
1000100001011101011011
In base 9, what is 4363127 - -71?
4363208
In base 2, what is 101100101100 + -10100100001000000?
-10011110100010100
In base 10, what is 29 - -1113340?
1113369
In base 5, what is -10 - 223343044?
-223343104
In base 2, what is -100 - -1100110101110110100010?
1100110101110110011110
In base 8, what is 4 - -455150315?
455150321
In base 10, what is -4734538 + -11?
-4734549
In base 13, what is 45a24 + 19b?
45bc2
In base 14, what is 3 + -10c431c?
-10c4319
In base 14, what is -39d4 - -20aa?
-1928
In base 11, what is 442a + 20677?
24aa6
In base 10, what is -18203 + 1688?
-16515
In base 10, what is -36630437 + 1?
-36630436
In base 15, what is -1786d - 18e?
-17a0c
In base 7, what is -41410035 - 102?
-41410140
In base 13, what is 110ac + -9a1?
1040b
In base 16, what is -2 - -9cdc41?
9cdc3f
In base 4, what is -12133121023 - 2?
-12133121031
In base 7, what is -451 - 10636526?
-10640310
In base 13, what is 38c + c1676?
c1a35
In base 15, what is -1c38e7 - 86?
-1c397d
In base 2, what is 10111110 + 111001101011101?
111010000011011
In base 8, what is -752 + -2175360?
-2176332
In base 15, what is -172 - 1060c7?
-106249
In base 11, what is -27 + -11847952?
-11847979
In base 12, what is 128 - 681670?
-681544
In base 4, what is 2323 - -11000212010?
11000220333
In base 8, what is 32323 + -340?
31763
In base 11, what is 23598a - -29?
235a08
In base 15, what is 32a4 + -1410b?
-10d57
In base 9, what is 4 + -3028746?
-3028742
In base 8, what is -11 - -1114043?
1114032
In base 8, what is 2452 - 4240?
-1566
In base 11, what is -6375a - -97?
-63673
In base 14, what is 127d9 - 3b9b?
ca3c
In base 5, what is -142212421223 - 1?
-142212421224
In base 5, what is -3424440 + 4?
-3424431
In base 16, what is -13 + 111d8d5?
111d8c2
In base 6, what is -5402 + -201524?
-211330
In base 8, what is 2 - 25527146?
-25527144
In base 5, what is -2031103344 + 3?
-2031103341
In base 13, what is 1978 + -24a1?
-826
In base 4, what is 11 - -320030332220?
320030332231
In base 6, what is -244 + 22552200?
22551512
In base 11, what is 2770559 + 159?
2770707
In base 14, what is 48 - -16a3194?
16a31dc
In base 11, what is -1423749 - 68?
-1423806
In base 14, what is 22098725 - 4?
22098721
In base 12, what is 1156b86 - -39?
1157003
In base 9, what is -417 + 81242?
80724
In base 6, what is -552402 - -133?
-552225
In base 10, what is -44226338 - -4?
-44226334
In base 12, what is 3a55 + 545?
439a
In base 7, what is 233463 - 34?
233426
In base 6, what is -1504 - -5011035?
5005131
In base 7, what is 253020 + -141?
252546
In base 14, what is 6117 - -1ab1?
7bc8
In base 13, what is 25 + -40143?
-4011b
In base 5, what is -10 + 2430433344?
2430433334
In base 12, what is 4b7 - -ab34?
b42b
In base 5, what is -23020343431 + -10?
-23020343441
In base 8, what is -76547404 - 4?
-76547410
In base 7, what is -15420 + 12564?
-2523
In base 5, what is 1123214302 - 3?
1123214244
In base 5, what is -111303323 - 224?
-111304102
In base 16, what is -5 + 1b6b958?
1b6b953
In base 16, what is e16 - 370?
aa6
In base 4, what is 100 - 1030211321?
-1030211221
In base 6, what is 340213323 + 4?
340213331
In base 14, what is -798c2bdc - -5?
-798c2bd7
In base 14, what is 3da - b31?
-735
In base 12, what is 89 + -307740?
-307673
In base 2, what is -11010111000 - -11000000110011110?
10111101011100110
In base 3, what is 10120001 + -1022000?
2021001
In base 5, what is -110112414201 + 0?
-110112414201
In base 13, what is 1562 - -1?
1563
In base 3, what is 11 + 1110201210020?
1110201210101
In base 15, what is -5 + 469ab?
469a6
In base 13, what is -558 + 59358?
58b00
In base 15, what is 42b15b - -4?
42b160
In base 15, what is -622 - 3e4ac?
-3eace
In base 10, what is 96 - -1349008?
1349104
In base 3, what is 10000010 - 10212021?
-212011
In base 12, what is -71541 + -7a2?
-72123
In base 16, what is -a7f5 - c6?
-a8bb
In base 7, what is 1 + 140440205?
140440206
In base 16, what is 10745 - -e?
10753
In base 7, what is -203654610 - -4?
-203654603
In base 3, what is 10101011120211222001 + 1?
10101011120211222002
In base 6, what is 2544 - 34255?
-31311
In base 4, what is -23 + 22203113133?
22203113110
In base 11, what is -7535 + 99aa?
2475
In base 6, what is -1 - 102340341?
-102340342
In base 12, what is 32a - 247806?
-247498
In base 6, what is -2441041 - -2041?
-2435000
In base 3, what is 10220220222 + -220002?
10220000220
In base 15, what is 158972 + -6?
15896b
In base 10, what is 1198 - -260634?
261832
In base 16, what is 7c - -22955?
229d1
In base 5, what is 10 - 214431433?
-214431423
In base 16, what is -95 - 848df?
-84974
In base 4, what is 31103301221 + 3?
31103301230
In base 10, what is 3709947 + -2?
3709945
In base 9, what is -750867025 + 3?
-750867022
In base 16, what is 6dd - ff3?
-916
In base 6, what is 4 + -120401543?
-120401535
In base 7, what is 5504 - 153634?
-145130
In base 16, what is 2036e + -17e?
201f0
In base 12, what is 2 + -5a91a?
-5a918
In base 14, what is -ab44 - -11d?
-aa25
In base 4, what is -11 + -3122001?
-3122012
In base 4, what is -110020 - 10301133300?
-10301303320
In base 2, what is -111 + -1101011110010000001101000?
-1101011110010000001101111
In base 4, what is 233 + 10301110111?
10301111010
In base 13, what is -1a6a - 3ca?
-2167
In base 5, what is -1102131 - -1200?
-1100431
In base 13, what is 1114a + 753?
118a0
In base 12, what is 9 + -2739968?
-273995b
In base 6, what is -3223 + -2110440?
-2114103
In base 5, what is 212320310 + -4?
212320301
In base 16, what is 48b + -1f2?
299
In base 4, what is -201230 - -3133?
-132031
In base 16, what is ac18 - -7be2?
127fa
In base 12, what is 1733643 + b?
1733652
In base 16, what is -620 - e66?
-1486
In base 2, what is -110 - -101100011100111000100001?
101100011100111000011011
In base 12, what is 2 + 5a59a44?
5a59a46
In base 9, what is 33 - 134717?
-134674
In base 15, what is -17 - -945e06?
945dde
In base 16, what is 20 + -18b8c?
-18b6c
In base 7, what is -1305264341 + 4?
-1305264334
In base 16, what is -bae4 - -3b?
-baa9
In base 3, what is 2 - 20200102210102?
-20200102210100
In base 5, what is 2020412341 + -20?
2020412321
In base 4, what is -222311 - -100202100?
33313123
In base 7, what is 220300606 + 1?
220300610
In base 5, what is 0 - -24223443333?
24223443333
In base 6, what is 404140 + -21?
404115
In base 14, what is -5 - 12222c3?
-12222c8
In base 13, what is 0 + -10374091?
-10374091
In base 10, what is -920542 + 4?
-920538
In base 15, what is -3ab + -bcbd?
-c179
In base 7, what is 3565201034 - -4?
3565201041
In base 9, what is -8 + 68616164?
68616155
